{"id":798,"date":"2025-11-12T12:22:52","date_gmt":"2025-11-12T12:22:52","guid":{"rendered":"https:\/\/www.testevita.com\/wiwm\/?page_id=798"},"modified":"2025-11-13T07:59:08","modified_gmt":"2025-11-13T07:59:08","slug":"metzgerei-fitz-delikatessen","status":"publish","type":"page","link":"https:\/\/regiotaler.at\/index.php\/metzgerei-fitz-delikatessen\/","title":{"rendered":"\u00a0Metzgerei Fritz \u2013 delikatessen\u00a0"},"content":{"rendered":"\t\t<div data-elementor-type=\"wp-page\" data-elementor-id=\"798\" class=\"elementor elementor-798\" data-elementor-post-type=\"page\">\n\t\t\t\t<div class=\"elementor-element elementor-element-324549b e-flex e-con-boxed e-con e-parent\" data-id=\"324549b\" data-element_type=\"container\" data-settings=\"{&quot;background_background&quot;:&quot;classic&quot;}\">\n\t\t\t\t\t<div class=\"e-con-inner\">\n\t\t<div class=\"elementor-element elementor-element-278984a7 e-con-full e-flex e-con e-child\" data-id=\"278984a7\" data-element_type=\"container\">\n\t\t\t\t<div class=\"elementor-element elementor-element-11c50fde elementor-widget elementor-widget-image\" data-id=\"11c50fde\" data-element_type=\"widget\" data-widget_type=\"image.default\">\n\t\t\t\t\t\t\t\t\t\t\t\t\t\t\t<img fetchpriority=\"high\" decoding=\"async\" width=\"492\" height=\"192\" src=\"https:\/\/regiotaler.at\/wp-content\/uploads\/2025\/11\/Untitled-design-e1762950948414.png\" class=\"attachment-full size-full wp-image-803\" alt=\"\" srcset=\"https:\/\/regiotaler.at\/wp-content\/uploads\/2025\/11\/Untitled-design-e1762950948414.png 492w, https:\/\/regiotaler.at\/wp-content\/uploads\/2025\/11\/Untitled-design-e1762950948414-300x117.png 300w\" sizes=\"(max-width: 492px) 100vw, 492px\" \/>\t\t\t\t\t\t\t\t\t\t\t\t\t\t\t<\/div>\n\t\t\t\t<div class=\"elementor-element elementor-element-7c29970c elementor-absolute elementor-hidden-tablet elementor-hidden-mobile elementor-invisible elementor-widget elementor-widget-image\" data-id=\"7c29970c\" data-element_type=\"widget\" data-settings=\"{&quot;_position&quot;:&quot;absolute&quot;,&quot;_animation&quot;:&quot;fadeInUp&quot;}\" data-widget_type=\"image.default\">\n\t\t\t\t\t\t\t\t\t\t\t\t\t\t\t<img decoding=\"async\" width=\"840\" height=\"340\" src=\"https:\/\/regiotaler.at\/wp-content\/uploads\/2025\/11\/dpp_4947.jpg.webp\" class=\"attachment-full size-full wp-image-801\" alt=\"\" srcset=\"https:\/\/regiotaler.at\/wp-content\/uploads\/2025\/11\/dpp_4947.jpg.webp 840w, https:\/\/regiotaler.at\/wp-content\/uploads\/2025\/11\/dpp_4947.jpg-300x121.webp 300w, https:\/\/regiotaler.at\/wp-content\/uploads\/2025\/11\/dpp_4947.jpg-768x311.webp 768w\" sizes=\"(max-width: 840px) 100vw, 840px\" \/>\t\t\t\t\t\t\t\t\t\t\t\t\t\t\t<\/div>\n\t\t\t\t<\/div>\n\t\t<div class=\"elementor-element elementor-element-7ebf4b7c e-con-full e-flex e-con e-child\" data-id=\"7ebf4b7c\" data-element_type=\"container\">\n\t\t\t\t<div class=\"elementor-element elementor-element-42ff039c elementor-invisible elementor-widget elementor-widget-heading\" data-id=\"42ff039c\" data-element_type=\"widget\" data-settings=\"{&quot;_animation&quot;:&quot;fadeInUp&quot;}\" data-widget_type=\"heading.default\">\n\t\t\t\t\t<h6 class=\"elementor-heading-title elementor-size-default\">Natters<\/h6>\t\t\t\t<\/div>\n\t\t\t\t<div class=\"elementor-element elementor-element-5bd3d90d elementor-invisible elementor-widget elementor-widget-heading\" data-id=\"5bd3d90d\" data-element_type=\"widget\" data-settings=\"{&quot;_animation&quot;:&quot;fadeInUp&quot;,&quot;_animation_delay&quot;:70}\" data-widget_type=\"heading.default\">\n\t\t\t\t\t<h2 class=\"elementor-heading-title elementor-size-default\">Metzgerei Fritz \u2013 delikatessen<\/h2>\t\t\t\t<\/div>\n\t\t\t\t<div class=\"elementor-element elementor-element-5573f708 elementor-invisible elementor-widget elementor-widget-text-editor\" data-id=\"5573f708\" data-element_type=\"widget\" data-settings=\"{&quot;_animation&quot;:&quot;fadeInUp&quot;,&quot;_animation_delay&quot;:140}\" data-widget_type=\"text-editor.default\">\n\t\t\t\t\t\t\t\t\t<p><span class=\"Apple-converted-space\">\u00a0<\/span>Unsere Metzgerei ist ein Familienbetrieb mit Tradition und Leidenschaft f\u00fcrs Handwerk. Qualit\u00e4t, Frische und Regionalit\u00e4t stehen bei uns an erster Stelle. Wir verarbeiten hochwertige Produkte aus der Region und legen gro\u00dfen Wert auf sorgf\u00e4ltige Herstellung. Mit fachlicher Beratung und pers\u00f6nlichem Service sind wir immer f\u00fcr Sie da.<span class=\"Apple-converted-space\">\u00a0<\/span><\/p>\t\t\t\t\t\t\t\t<\/div>\n\t\t\t\t<div class=\"elementor-element elementor-element-59d6071e elementor-icon-list--layout-traditional elementor-list-item-link-full_width elementor-invisible elementor-widget elementor-widget-icon-list\" data-id=\"59d6071e\" data-element_type=\"widget\" data-settings=\"{&quot;_animation&quot;:&quot;fadeInUp&quot;,&quot;_animation_delay&quot;:160}\" data-widget_type=\"icon-list.default\">\n\t\t\t\t\t\t\t<ul class=\"elementor-icon-list-items\">\n\t\t\t\t\t\t\t<li class=\"elementor-icon-list-item\">\n\t\t\t\t\t\t\t\t\t\t\t<span class=\"elementor-icon-list-icon\">\n\t\t\t\t\t\t\t<svg aria-hidden=\"true\" class=\"e-font-icon-svg e-fas-check\" viewBox=\"0 0 512 512\" xmlns=\"http:\/\/www.w3.org\/2000\/svg\"><path d=\"M173.898 439.404l-166.4-166.4c-9.997-9.997-9.997-26.206 0-36.204l36.203-36.204c9.997-9.998 26.207-9.998 36.204 0L192 312.69 432.095 72.596c9.997-9.997 26.207-9.997 36.204 0l36.203 36.204c9.997 9.997 9.997 26.206 0 36.204l-294.4 294.401c-9.998 9.997-26.207 9.997-36.204-.001z\"><\/path><\/svg>\t\t\t\t\t\t<\/span>\n\t\t\t\t\t\t\t\t\t\t<span class=\"elementor-icon-list-text\">Besonderheiten &amp; Features<\/span>\n\t\t\t\t\t\t\t\t\t<\/li>\n\t\t\t\t\t\t<\/ul>\n\t\t\t\t\t\t<\/div>\n\t\t\t\t<div class=\"elementor-element elementor-element-41ade7d1 elementor-invisible elementor-widget elementor-widget-text-editor\" data-id=\"41ade7d1\" data-element_type=\"widget\" data-settings=\"{&quot;_animation&quot;:&quot;fadeInUp&quot;,&quot;_animation_delay&quot;:210}\" data-widget_type=\"text-editor.default\">\n\t\t\t\t\t\t\t\t\t<ul><li>Barrierefreier Zugang<span class=\"Apple-converted-space\">\u00a0<\/span><\/li><li>Produkte aus eigener Herstellung<span class=\"Apple-converted-space\">\u00a0<\/span><\/li><li>Parkm\u00f6glichkeiten vor dem Haus<span class=\"Apple-converted-space\">\u00a0<\/span><\/li><li>Kartenzahlung m\u00f6glich<\/li><\/ul>\t\t\t\t\t\t\t\t<\/div>\n\t\t\t\t<\/div>\n\t\t\t\t\t<\/div>\n\t\t\t\t<\/div>\n\t\t<div class=\"elementor-element elementor-element-71804220 e-con-full e-flex e-con e-parent\" data-id=\"71804220\" data-element_type=\"container\">\n\t\t<div class=\"elementor-element elementor-element-2a748eac e-con-full e-flex elementor-invisible e-con e-child\" data-id=\"2a748eac\" data-element_type=\"container\" data-settings=\"{&quot;background_background&quot;:&quot;classic&quot;,&quot;animation&quot;:&quot;zoomIn&quot;}\">\n\t\t\t\t<div class=\"elementor-element elementor-element-5e534066 elementor-widget elementor-widget-heading\" data-id=\"5e534066\" data-element_type=\"widget\" data-widget_type=\"heading.default\">\n\t\t\t\t\t<h2 class=\"elementor-heading-title elementor-size-default\">Kontakt<\/h2>\t\t\t\t<\/div>\n\t\t\t\t<div class=\"elementor-element elementor-element-f7e055d elementor-align-center elementor-icon-list--layout-traditional elementor-list-item-link-full_width elementor-widget elementor-widget-icon-list\" data-id=\"f7e055d\" data-element_type=\"widget\" data-widget_type=\"icon-list.default\">\n\t\t\t\t\t\t\t<ul class=\"elementor-icon-list-items\">\n\t\t\t\t\t\t\t<li class=\"elementor-icon-list-item\">\n\t\t\t\t\t\t\t\t\t\t\t<span class=\"elementor-icon-list-icon\">\n\t\t\t\t\t\t\t<i aria-hidden=\"true\" class=\"icon icon-location\"><\/i>\t\t\t\t\t\t<\/span>\n\t\t\t\t\t\t\t\t\t\t<span class=\"elementor-icon-list-text\">Dorfplatz 6, 6161 Natters<\/span>\n\t\t\t\t\t\t\t\t\t<\/li>\n\t\t\t\t\t\t\t\t<li class=\"elementor-icon-list-item\">\n\t\t\t\t\t\t\t\t\t\t\t<span class=\"elementor-icon-list-icon\">\n\t\t\t\t\t\t\t<i aria-hidden=\"true\" class=\"icon icon-phone-call\"><\/i>\t\t\t\t\t\t<\/span>\n\t\t\t\t\t\t\t\t\t\t<span class=\"elementor-icon-list-text\">+43 512 546029<\/span>\n\t\t\t\t\t\t\t\t\t<\/li>\n\t\t\t\t\t\t\t\t<li class=\"elementor-icon-list-item\">\n\t\t\t\t\t\t\t\t\t\t\t<span class=\"elementor-icon-list-icon\">\n\t\t\t\t\t\t\t<i aria-hidden=\"true\" class=\"icon icon-envelope11\"><\/i>\t\t\t\t\t\t<\/span>\n\t\t\t\t\t\t\t\t\t\t<span class=\"elementor-icon-list-text\">Metzgerei.fritz@outlook.at<\/span>\n\t\t\t\t\t\t\t\t\t<\/li>\n\t\t\t\t\t\t<\/ul>\n\t\t\t\t\t\t<\/div>\n\t\t\t\t<div class=\"elementor-element elementor-element-3c466d88 elementor-align-center elementor-widget elementor-widget-button\" data-id=\"3c466d88\" data-element_type=\"widget\" data-widget_type=\"button.default\">\n\t\t\t\t\t\t\t\t\t\t<a class=\"elementor-button elementor-button-link elementor-size-sm elementor-animation-float\" href=\"https:\/\/www.metzgerei-fritz.tirol\">\n\t\t\t\t\t\t<span class=\"elementor-button-content-wrapper\">\n\t\t\t\t\t\t\t\t\t<span class=\"elementor-button-text\">Zur Website<\/span>\n\t\t\t\t\t<\/span>\n\t\t\t\t\t<\/a>\n\t\t\t\t\t\t\t\t<\/div>\n\t\t\t\t<\/div>\n\t\t<div class=\"elementor-element elementor-element-55f1d9ff e-con-full e-flex elementor-invisible e-con e-child\" data-id=\"55f1d9ff\" data-element_type=\"container\" data-settings=\"{&quot;background_background&quot;:&quot;classic&quot;,&quot;animation&quot;:&quot;zoomIn&quot;,&quot;animation_delay&quot;:150}\">\n\t\t\t\t<div class=\"elementor-element elementor-element-72dc6a95 elementor-widget elementor-widget-heading\" data-id=\"72dc6a95\" data-element_type=\"widget\" data-widget_type=\"heading.default\">\n\t\t\t\t\t<h2 class=\"elementor-heading-title elementor-size-default\">Die Vielfalt der Region entdecken.<\/h2>\t\t\t\t<\/div>\n\t\t\t\t<div class=\"elementor-element elementor-element-21b0514 elementor-widget elementor-widget-text-editor\" data-id=\"21b0514\" data-element_type=\"widget\" data-widget_type=\"text-editor.default\">\n\t\t\t\t\t\t\t\t\t<p>Von Handwerk bis Genuss: Entdecke alle teilnehmenden Unternehmen, bei denen du mit Regiotalern bezahlen kannst.<\/p>\t\t\t\t\t\t\t\t<\/div>\n\t\t\t\t<div class=\"elementor-element elementor-element-644be2f6 elementor-align-center elementor-widget elementor-widget-button\" data-id=\"644be2f6\" data-element_type=\"widget\" data-widget_type=\"button.default\">\n\t\t\t\t\t\t\t\t\t\t<a class=\"elementor-button elementor-button-link elementor-size-sm elementor-animation-float\" href=\"#\">\n\t\t\t\t\t\t<span class=\"elementor-button-content-wrapper\">\n\t\t\t\t\t\t\t\t\t<span class=\"elementor-button-text\">Zum Verzeichnis<\/span>\n\t\t\t\t\t<\/span>\n\t\t\t\t\t<\/a>\n\t\t\t\t\t\t\t\t<\/div>\n\t\t\t\t<\/div>\n\t\t\t\t<\/div>\n\t\t\t\t<\/div>\n\t\t","protected":false},"excerpt":{"rendered":"<p>Natters Metzgerei Fritz \u2013 delikatessen \u00a0Unsere Metzgerei ist ein Familienbetrieb mit Tradition und Leidenschaft f\u00fcrs Handwerk. Qualit\u00e4t, Frische und Regionalit\u00e4t stehen bei uns an erster Stelle. Wir verarbeiten hochwertige Produkte aus der Region und legen gro\u00dfen Wert auf sorgf\u00e4ltige Herstellung. Mit fachlicher Beratung und pers\u00f6nlichem Service sind wir immer f\u00fcr Sie da.\u00a0 Besonderheiten &amp; Features [&hellip;]<\/p>\n","protected":false},"author":2,"featured_media":0,"parent":0,"menu_order":0,"comment_status":"closed","ping_status":"closed","template":"elementor_header_footer","meta":{"_acf_changed":false,"footnotes":""},"class_list":["post-798","page","type-page","status-publish","hentry"],"acf":[],"_links":{"self":[{"href":"https:\/\/regiotaler.at\/index.php\/wp-json\/wp\/v2\/pages\/798","targetHints":{"allow":["GET"]}}],"collection":[{"href":"https:\/\/regiotaler.at\/index.php\/wp-json\/wp\/v2\/pages"}],"about":[{"href":"https:\/\/regiotaler.at\/index.php\/wp-json\/wp\/v2\/types\/page"}],"author":[{"embeddable":true,"href":"https:\/\/regiotaler.at\/index.php\/wp-json\/wp\/v2\/users\/2"}],"replies":[{"embeddable":true,"href":"https:\/\/regiotaler.at\/index.php\/wp-json\/wp\/v2\/comments?post=798"}],"version-history":[{"count":8,"href":"https:\/\/regiotaler.at\/index.php\/wp-json\/wp\/v2\/pages\/798\/revisions"}],"predecessor-version":[{"id":864,"href":"https:\/\/regiotaler.at\/index.php\/wp-json\/wp\/v2\/pages\/798\/revisions\/864"}],"wp:attachment":[{"href":"https:\/\/regiotaler.at\/index.php\/wp-json\/wp\/v2\/media?parent=798"}],"curies":[{"name":"wp","href":"https:\/\/api.w.org\/{rel}","templated":true}]}}

<div data-elementor-type="wp-page" data-elementor-id="798" class="elementor elementor-798" data-elementor-post-type="page">
				<div class="elementor-element elementor-element-324549b e-flex e-con-boxed e-con e-parent" data-id="324549b" data-element_type="container" data-settings="{&quot;background_background&quot;:&quot;classic&quot;}">
					<div class="e-con-inner">
		<div class="elementor-element elementor-element-278984a7 e-con-full e-flex e-con e-child" data-id="278984a7" data-element_type="container">
				<div class="elementor-element elementor-element-11c50fde elementor-widget elementor-widget-image" data-id="11c50fde" data-element_type="widget" data-widget_type="image.default">
															<img fetchpriority="high" decoding="async" width="492" height="192" src="https://regiotaler.at/wp-content/uploads/2025/11/Untitled-design-e1762950948414.png" class="attachment-full size-full wp-image-803" alt="" srcset="https://regiotaler.at/wp-content/uploads/2025/11/Untitled-design-e1762950948414.png 492w, https://regiotaler.at/wp-content/uploads/2025/11/Untitled-design-e1762950948414-300x117.png 300w" sizes="(max-width: 492px) 100vw, 492px" />															</div>
				<div class="elementor-element elementor-element-7c29970c elementor-absolute elementor-hidden-tablet elementor-hidden-mobile elementor-invisible elementor-widget elementor-widget-image" data-id="7c29970c" data-element_type="widget" data-settings="{&quot;_position&quot;:&quot;absolute&quot;,&quot;_animation&quot;:&quot;fadeInUp&quot;}" data-widget_type="image.default">
															<img decoding="async" width="840" height="340" src="https://regiotaler.at/wp-content/uploads/2025/11/dpp_4947.jpg.webp" class="attachment-full size-full wp-image-801" alt="" srcset="https://regiotaler.at/wp-content/uploads/2025/11/dpp_4947.jpg.webp 840w, https://regiotaler.at/wp-content/uploads/2025/11/dpp_4947.jpg-300x121.webp 300w, https://regiotaler.at/wp-content/uploads/2025/11/dpp_4947.jpg-768x311.webp 768w" sizes="(max-width: 840px) 100vw, 840px" />															</div>
				</div>
		<div class="elementor-element elementor-element-7ebf4b7c e-con-full e-flex e-con e-child" data-id="7ebf4b7c" data-element_type="container">
				<div class="elementor-element elementor-element-42ff039c elementor-invisible elementor-widget elementor-widget-heading" data-id="42ff039c" data-element_type="widget" data-settings="{&quot;_animation&quot;:&quot;fadeInUp&quot;}" data-widget_type="heading.default">
					<h6 class="elementor-heading-title elementor-size-default">Natters</h6>				</div>
				<div class="elementor-element elementor-element-5bd3d90d elementor-invisible elementor-widget elementor-widget-heading" data-id="5bd3d90d" data-element_type="widget" data-settings="{&quot;_animation&quot;:&quot;fadeInUp&quot;,&quot;_animation_delay&quot;:70}" data-widget_type="heading.default">
					<h2 class="elementor-heading-title elementor-size-default">Metzgerei Fritz – delikatessen</h2>				</div>
				<div class="elementor-element elementor-element-5573f708 elementor-invisible elementor-widget elementor-widget-text-editor" data-id="5573f708" data-element_type="widget" data-settings="{&quot;_animation&quot;:&quot;fadeInUp&quot;,&quot;_animation_delay&quot;:140}" data-widget_type="text-editor.default">
									<p><span class="Apple-converted-space"> </span>Unsere Metzgerei ist ein Familienbetrieb mit Tradition und Leidenschaft fürs Handwerk. Qualität, Frische und Regionalität stehen bei uns an erster Stelle. Wir verarbeiten hochwertige Produkte aus der Region und legen großen Wert auf sorgfältige Herstellung. Mit fachlicher Beratung und persönlichem Service sind wir immer für Sie da.<span class="Apple-converted-space"> </span></p>								</div>
				<div class="elementor-element elementor-element-59d6071e elementor-icon-list--layout-traditional elementor-list-item-link-full_width elementor-invisible elementor-widget elementor-widget-icon-list" data-id="59d6071e" data-element_type="widget" data-settings="{&quot;_animation&quot;:&quot;fadeInUp&quot;,&quot;_animation_delay&quot;:160}" data-widget_type="icon-list.default">
							<ul class="elementor-icon-list-items">
							<li class="elementor-icon-list-item">
											<span class="elementor-icon-list-icon">
							<svg aria-hidden="true" class="e-font-icon-svg e-fas-check" viewBox="0 0 512 512" xmlns="http://www.w3.org/2000/svg"><path d="M173.898 439.404l-166.4-166.4c-9.997-9.997-9.997-26.206 0-36.204l36.203-36.204c9.997-9.998 26.207-9.998 36.204 0L192 312.69 432.095 72.596c9.997-9.997 26.207-9.997 36.204 0l36.203 36.204c9.997 9.997 9.997 26.206 0 36.204l-294.4 294.401c-9.998 9.997-26.207 9.997-36.204-.001z"></path></svg>						</span>
										<span class="elementor-icon-list-text">Besonderheiten &amp; Features</span>
									</li>
						</ul>
						</div>
				<div class="elementor-element elementor-element-41ade7d1 elementor-invisible elementor-widget elementor-widget-text-editor" data-id="41ade7d1" data-element_type="widget" data-settings="{&quot;_animation&quot;:&quot;fadeInUp&quot;,&quot;_animation_delay&quot;:210}" data-widget_type="text-editor.default">
									<ul><li>Barrierefreier Zugang<span class="Apple-converted-space"> </span></li><li>Produkte aus eigener Herstellung<span class="Apple-converted-space"> </span></li><li>Parkmöglichkeiten vor dem Haus<span class="Apple-converted-space"> </span></li><li>Kartenzahlung möglich</li></ul>								</div>
				</div>
					</div>
				</div>
		<div class="elementor-element elementor-element-71804220 e-con-full e-flex e-con e-parent" data-id="71804220" data-element_type="container">
		<div class="elementor-element elementor-element-2a748eac e-con-full e-flex elementor-invisible e-con e-child" data-id="2a748eac" data-element_type="container" data-settings="{&quot;background_background&quot;:&quot;classic&quot;,&quot;animation&quot;:&quot;zoomIn&quot;}">
				<div class="elementor-element elementor-element-5e534066 elementor-widget elementor-widget-heading" data-id="5e534066" data-element_type="widget" data-widget_type="heading.default">
					<h2 class="elementor-heading-title elementor-size-default">Kontakt</h2>				</div>
				<div class="elementor-element elementor-element-f7e055d elementor-align-center elementor-icon-list--layout-traditional elementor-list-item-link-full_width elementor-widget elementor-widget-icon-list" data-id="f7e055d" data-element_type="widget" data-widget_type="icon-list.default">
							<ul class="elementor-icon-list-items">
							<li class="elementor-icon-list-item">
											<span class="elementor-icon-list-icon">
							<i aria-hidden="true" class="icon icon-location"></i>						</span>
										<span class="elementor-icon-list-text">Dorfplatz 6, 6161 Natters</span>
									</li>
								<li class="elementor-icon-list-item">
											<span class="elementor-icon-list-icon">
							<i aria-hidden="true" class="icon icon-phone-call"></i>						</span>
										<span class="elementor-icon-list-text">+43 512 546029</span>
									</li>
								<li class="elementor-icon-list-item">
											<span class="elementor-icon-list-icon">
							<i aria-hidden="true" class="icon icon-envelope11"></i>						</span>
										<span class="elementor-icon-list-text">Metzgerei.fritz@outlook.at</span>
									</li>
						</ul>
						</div>
				<div class="elementor-element elementor-element-3c466d88 elementor-align-center elementor-widget elementor-widget-button" data-id="3c466d88" data-element_type="widget" data-widget_type="button.default">
										<a class="elementor-button elementor-button-link elementor-size-sm elementor-animation-float" href="https://www.metzgerei-fritz.tirol">
						<span class="elementor-button-content-wrapper">
									<span class="elementor-button-text">Zur Website</span>
					</span>
					</a>
								</div>
				</div>
		<div class="elementor-element elementor-element-55f1d9ff e-con-full e-flex elementor-invisible e-con e-child" data-id="55f1d9ff" data-element_type="container" data-settings="{&quot;background_background&quot;:&quot;classic&quot;,&quot;animation&quot;:&quot;zoomIn&quot;,&quot;animation_delay&quot;:150}">
				<div class="elementor-element elementor-element-72dc6a95 elementor-widget elementor-widget-heading" data-id="72dc6a95" data-element_type="widget" data-widget_type="heading.default">
					<h2 class="elementor-heading-title elementor-size-default">Die Vielfalt der Region entdecken.</h2>				</div>
				<div class="elementor-element elementor-element-21b0514 elementor-widget elementor-widget-text-editor" data-id="21b0514" data-element_type="widget" data-widget_type="text-editor.default">
									<p>Von Handwerk bis Genuss: Entdecke alle teilnehmenden Unternehmen, bei denen du mit Regiotalern bezahlen kannst.</p>								</div>
				<div class="elementor-element elementor-element-644be2f6 elementor-align-center elementor-widget elementor-widget-button" data-id="644be2f6" data-element_type="widget" data-widget_type="button.default">
										<a class="elementor-button elementor-button-link elementor-size-sm elementor-animation-float" href="#">
						<span class="elementor-button-content-wrapper">
									<span class="elementor-button-text">Zum Verzeichnis</span>
					</span>
					</a>
								</div>
				</div>
				</div>
				</div>

<p>Natters Metzgerei Fritz – delikatessen  Unsere Metzgerei ist ein Familienbetrieb mit Tradition und Leidenschaft fürs Handwerk. Qualität, Frische und Regionalität stehen bei uns an erster Stelle. Wir verarbeiten hochwertige Produkte aus der Region und legen großen Wert auf sorgfältige Herstellung. Mit fachlicher Beratung und persönlichem Service sind wir immer für Sie da.  Besonderheiten &amp; Features [&hellip;]</p>
