{"id":395,"date":"2025-10-27T15:11:34","date_gmt":"2025-10-27T15:11:34","guid":{"rendered":"https:\/\/www.testevita.com\/wiwm\/?page_id=395"},"modified":"2025-12-04T10:30:07","modified_gmt":"2025-12-04T10:30:07","slug":"wies-funktioniert","status":"publish","type":"page","link":"https:\/\/regiotaler.at\/index.php\/wies-funktioniert\/","title":{"rendered":"Wie&#8217;s funktioniert"},"content":{"rendered":"\t\t<div data-elementor-type=\"wp-page\" data-elementor-id=\"395\" class=\"elementor elementor-395\" data-elementor-post-type=\"page\">\n\t\t\t\t<div class=\"elementor-element elementor-element-37d89e3 e-flex e-con-boxed e-con e-parent\" data-id=\"37d89e3\" data-element_type=\"container\" data-settings=\"{&quot;background_background&quot;:&quot;slideshow&quot;,&quot;background_slideshow_gallery&quot;:[{&quot;id&quot;:265,&quot;url&quot;:&quot;https:\\\/\\\/regiotaler.at\\\/wp-content\\\/uploads\\\/2025\\\/10\\\/dasMEI.jpg&quot;},{&quot;id&quot;:290,&quot;url&quot;:&quot;https:\\\/\\\/regiotaler.at\\\/wp-content\\\/uploads\\\/2025\\\/10\\\/moesl_002-2.jpg&quot;},{&quot;id&quot;:314,&quot;url&quot;:&quot;https:\\\/\\\/regiotaler.at\\\/wp-content\\\/uploads\\\/2025\\\/10\\\/EVI_7289.jpg&quot;},{&quot;id&quot;:341,&quot;url&quot;:&quot;https:\\\/\\\/regiotaler.at\\\/wp-content\\\/uploads\\\/2025\\\/10\\\/PRO_HQ.jpg&quot;},{&quot;id&quot;:547,&quot;url&quot;:&quot;https:\\\/\\\/regiotaler.at\\\/wp-content\\\/uploads\\\/2025\\\/11\\\/RAIKAMuttersSanierung__msi___jpg.jpg&quot;},{&quot;id&quot;:343,&quot;url&quot;:&quot;https:\\\/\\\/regiotaler.at\\\/wp-content\\\/uploads\\\/2025\\\/10\\\/PRO_Pattern_02.jpg&quot;}],&quot;background_slideshow_slide_duration&quot;:2000,&quot;background_slideshow_transition_duration&quot;:1000,&quot;background_slideshow_lazyload&quot;:&quot;yes&quot;,&quot;background_slideshow_loop&quot;:&quot;yes&quot;,&quot;background_slideshow_slide_transition&quot;:&quot;fade&quot;}\">\n\t\t\t\t\t<div class=\"e-con-inner\">\n\t\t<div class=\"elementor-element elementor-element-10e63f0 e-con-full e-flex e-con e-child\" data-id=\"10e63f0\" data-element_type=\"container\">\n\t\t\t\t<div class=\"elementor-element elementor-element-b84f293 elementor-invisible elementor-widget elementor-widget-heading\" data-id=\"b84f293\" data-element_type=\"widget\" data-settings=\"{&quot;_animation&quot;:&quot;fadeInUp&quot;,&quot;_animation_delay&quot;:50}\" data-widget_type=\"heading.default\">\n\t\t\t\t\t<h1 class=\"elementor-heading-title elementor-size-default\">Wie's funktioniert<\/h1>\t\t\t\t<\/div>\n\t\t\t\t<\/div>\n\t\t\t\t\t<\/div>\n\t\t\t\t<\/div>\n\t\t<div class=\"elementor-element elementor-element-3359cc4 e-flex e-con-boxed e-con e-parent\" data-id=\"3359cc4\" data-element_type=\"container\">\n\t\t\t\t\t<div class=\"e-con-inner\">\n\t\t\t\t<div class=\"elementor-element elementor-element-06a0c08 elementor-widget elementor-widget-heading\" data-id=\"06a0c08\" data-element_type=\"widget\" data-widget_type=\"heading.default\">\n\t\t\t\t\t<h2 class=\"elementor-heading-title elementor-size-default\">So st\u00e4rkst du unsere Region <\/h2>\t\t\t\t<\/div>\n\t\t\t\t<div class=\"elementor-element elementor-element-03c508d elementor-widget elementor-widget-text-editor\" data-id=\"03c508d\" data-element_type=\"widget\" data-widget_type=\"text-editor.default\">\n\t\t\t\t\t\t\t\t\t<p><strong>So bleibt die Kaufkraft in unserer Region und unterst\u00fctzt gleichzeitig lokale Betriebe \u2013 einfach, sicher und regional.<\/strong><\/p>\t\t\t\t\t\t\t\t<\/div>\n\t\t\t\t<div class=\"elementor-element elementor-element-7090d7e elementor-widget elementor-widget-text-editor\" data-id=\"7090d7e\" data-element_type=\"widget\" data-widget_type=\"text-editor.default\">\n\t\t\t\t\t\t\t\t\t<p data-start=\"405\" data-end=\"621\"><strong>Der Regiotaler ist eine Gutschein-M\u00fcnze des Westlichen Mittelgebirges.<br \/><\/strong><strong>Du kannst ihn bei der Raiffeisenbank Axams, Mutters, Natters und Kreith kaufen und anschlie\u00dfend in vielen regionalen Partnerbetrieben einl\u00f6sen.<br \/><\/strong><strong>Jede M\u00fcnze hat einen fixen Wert und funktioniert wie ein Gutschein: Du gibst sie einfach beim Bezahlen direkt im teilnehmenden Betrieb ab.\u00a0 <\/strong><strong>Welche Unternehmen den Regiotaler akzeptieren, findest du hier:<\/strong><\/p>\t\t\t\t\t\t\t\t<\/div>\n\t\t\t\t<div class=\"elementor-element elementor-element-6e70b62 elementor-align-center elementor-widget elementor-widget-button\" data-id=\"6e70b62\" data-element_type=\"widget\" data-widget_type=\"button.default\">\n\t\t\t\t\t\t\t\t\t\t<a class=\"elementor-button elementor-button-link elementor-size-sm\" href=\"https:\/\/regiotaler.at\/index.php\/mitglieder\/\">\n\t\t\t\t\t\t<span class=\"elementor-button-content-wrapper\">\n\t\t\t\t\t\t\t\t\t<span class=\"elementor-button-text\">Partnerbetriebe<\/span>\n\t\t\t\t\t<\/span>\n\t\t\t\t\t<\/a>\n\t\t\t\t\t\t\t\t<\/div>\n\t\t\t\t\t<\/div>\n\t\t\t\t<\/div>\n\t\t<div class=\"elementor-element elementor-element-9a9fc97 e-flex e-con-boxed e-con e-parent\" data-id=\"9a9fc97\" data-element_type=\"container\">\n\t\t\t\t\t<div class=\"e-con-inner\">\n\t\t<div class=\"elementor-element elementor-element-46180a3 e-con-full wide-section e-flex e-con e-child\" data-id=\"46180a3\" data-element_type=\"container\">\n\t\t\t\t<div class=\"elementor-element elementor-element-d067fea elementor-widget__width-inherit logo-slider elementor-arrows-position-inside elementor-pagination-position-outside elementor-widget elementor-widget-image-carousel\" data-id=\"d067fea\" data-element_type=\"widget\" data-settings=\"{&quot;slides_to_show&quot;:&quot;8&quot;,&quot;slides_to_scroll&quot;:&quot;1&quot;,&quot;autoplay_speed&quot;:0,&quot;speed&quot;:1500,&quot;image_spacing_custom&quot;:{&quot;unit&quot;:&quot;px&quot;,&quot;size&quot;:100,&quot;sizes&quot;:[]},&quot;navigation&quot;:&quot;both&quot;,&quot;autoplay&quot;:&quot;yes&quot;,&quot;infinite&quot;:&quot;yes&quot;,&quot;image_spacing_custom_tablet&quot;:{&quot;unit&quot;:&quot;px&quot;,&quot;size&quot;:&quot;&quot;,&quot;sizes&quot;:[]},&quot;image_spacing_custom_mobile&quot;:{&quot;unit&quot;:&quot;px&quot;,&quot;size&quot;:&quot;&quot;,&quot;sizes&quot;:[]}}\" data-widget_type=\"image-carousel.default\">\n\t\t\t\t\t\t\t<div class=\"elementor-image-carousel-wrapper swiper\" role=\"region\" aria-roledescription=\"carousel\" aria-label=\"Image Carousel\" dir=\"ltr\">\n\t\t\t<div class=\"elementor-image-carousel swiper-wrapper\" aria-live=\"off\">\n\t\t\t\t\t\t\t\t<div class=\"swiper-slide\" role=\"group\" aria-roledescription=\"slide\" aria-label=\"1 of 29\"><figure class=\"swiper-slide-inner\"><img decoding=\"async\" class=\"swiper-slide-image\" src=\"https:\/\/regiotaler.at\/wp-content\/uploads\/2025\/10\/Logo-bitmap.png\" alt=\"Logo bitmap\" \/><\/figure><\/div><div class=\"swiper-slide\" role=\"group\" aria-roledescription=\"slide\" aria-label=\"2 of 29\"><figure class=\"swiper-slide-inner\"><img decoding=\"async\" class=\"swiper-slide-image\" src=\"https:\/\/regiotaler.at\/wp-content\/uploads\/2025\/10\/Logo-Apotheke-Hl_Nikolaus-4c-oR.jpg\" alt=\"Logo-Apotheke-Hl_Nikolaus-4c-oR\" \/><\/figure><\/div><div class=\"swiper-slide\" role=\"group\" aria-roledescription=\"slide\" aria-label=\"3 of 29\"><figure class=\"swiper-slide-inner\"><img decoding=\"async\" class=\"swiper-slide-image\" src=\"https:\/\/regiotaler.at\/wp-content\/uploads\/2025\/10\/dasMEi_Logo_pos_cmyk.jpg\" alt=\"dasMEi_Logo_pos_cmyk\" \/><\/figure><\/div><div class=\"swiper-slide\" role=\"group\" aria-roledescription=\"slide\" aria-label=\"4 of 29\"><figure class=\"swiper-slide-inner\"><img decoding=\"async\" class=\"swiper-slide-image\" src=\"https:\/\/regiotaler.at\/wp-content\/uploads\/2025\/11\/1000149798-scaled.jpg\" alt=\"1000149798\" \/><\/figure><\/div><div class=\"swiper-slide\" role=\"group\" aria-roledescription=\"slide\" aria-label=\"5 of 29\"><figure class=\"swiper-slide-inner\"><img decoding=\"async\" class=\"swiper-slide-image\" src=\"https:\/\/regiotaler.at\/wp-content\/uploads\/2025\/10\/Logo-175-x-60-mm-scaled.jpg\" alt=\"Logo 175 x 60 mm\" \/><\/figure><\/div><div class=\"swiper-slide\" role=\"group\" aria-roledescription=\"slide\" aria-label=\"6 of 29\"><figure class=\"swiper-slide-inner\"><img decoding=\"async\" class=\"swiper-slide-image\" src=\"https:\/\/regiotaler.at\/wp-content\/uploads\/2025\/10\/Logo-Moesl-e.U-2-e1761820768809.jpg\" alt=\"Logo Mo\u0308sl e.U-2\" \/><\/figure><\/div><div class=\"swiper-slide\" role=\"group\" aria-roledescription=\"slide\" aria-label=\"7 of 29\"><figure class=\"swiper-slide-inner\"><img decoding=\"async\" class=\"swiper-slide-image\" src=\"https:\/\/regiotaler.at\/wp-content\/uploads\/2025\/10\/GS_85x55mm.jpg\" alt=\"GS_85x55mm\" \/><\/figure><\/div><div class=\"swiper-slide\" role=\"group\" aria-roledescription=\"slide\" aria-label=\"8 of 29\"><figure class=\"swiper-slide-inner\"><img decoding=\"async\" class=\"swiper-slide-image\" src=\"https:\/\/regiotaler.at\/wp-content\/uploads\/2025\/11\/Gruber-Quer-UZ-4-www-Tel-Adr-transp.jpg\" alt=\"Gruber Quer UZ 4 www Tel Adr transp\" \/><\/figure><\/div><div class=\"swiper-slide\" role=\"group\" aria-roledescription=\"slide\" aria-label=\"9 of 29\"><figure class=\"swiper-slide-inner\"><img decoding=\"async\" class=\"swiper-slide-image\" src=\"https:\/\/regiotaler.at\/wp-content\/uploads\/2025\/10\/LB_Logo_4c-scaled.png\" alt=\"LB_Logo_4c\" \/><\/figure><\/div><div class=\"swiper-slide\" role=\"group\" aria-roledescription=\"slide\" aria-label=\"10 of 29\"><figure class=\"swiper-slide-inner\"><img decoding=\"async\" class=\"swiper-slide-image\" src=\"https:\/\/regiotaler.at\/wp-content\/uploads\/2025\/11\/MartinAuer_dark.png\" alt=\"MartinAuer_dark\" \/><\/figure><\/div><div class=\"swiper-slide\" role=\"group\" aria-roledescription=\"slide\" aria-label=\"11 of 29\"><figure class=\"swiper-slide-inner\"><img decoding=\"async\" class=\"swiper-slide-image\" src=\"https:\/\/regiotaler.at\/wp-content\/uploads\/2025\/11\/maschinenbau_juen_logo_4c_pos-scaled.jpg\" alt=\"maschinenbau_juen_logo_4c_pos\" \/><\/figure><\/div><div class=\"swiper-slide\" role=\"group\" aria-roledescription=\"slide\" aria-label=\"12 of 29\"><figure class=\"swiper-slide-inner\"><img decoding=\"async\" class=\"swiper-slide-image\" src=\"https:\/\/regiotaler.at\/wp-content\/uploads\/2025\/11\/Untitled-500-x-250-px-500-x-200-px-300-x-150-px.png\" alt=\"Untitled (500 x 250 px) (500 x 200 px) (300 x 150 px)\" \/><\/figure><\/div><div class=\"swiper-slide\" role=\"group\" aria-roledescription=\"slide\" aria-label=\"13 of 29\"><figure class=\"swiper-slide-inner\"><img decoding=\"async\" class=\"swiper-slide-image\" src=\"https:\/\/regiotaler.at\/wp-content\/uploads\/2025\/11\/Szalon_Logo.jpg\" alt=\"Szalon_Logo\" \/><\/figure><\/div><div class=\"swiper-slide\" role=\"group\" aria-roledescription=\"slide\" aria-label=\"14 of 29\"><figure class=\"swiper-slide-inner\"><img decoding=\"async\" class=\"swiper-slide-image\" src=\"https:\/\/regiotaler.at\/wp-content\/uploads\/2025\/10\/2025_natterersee_logo_positiv_ohneRand.png\" alt=\"2025_natterersee_logo_positiv_ohneRand\" \/><\/figure><\/div><div class=\"swiper-slide\" role=\"group\" aria-roledescription=\"slide\" aria-label=\"15 of 29\"><figure class=\"swiper-slide-inner\"><img decoding=\"async\" class=\"swiper-slide-image\" src=\"https:\/\/regiotaler.at\/wp-content\/uploads\/2025\/11\/logo_web.jpg\" alt=\"logo_web\" \/><\/figure><\/div><div class=\"swiper-slide\" role=\"group\" aria-roledescription=\"slide\" aria-label=\"16 of 29\"><figure class=\"swiper-slide-inner\"><img decoding=\"async\" class=\"swiper-slide-image\" src=\"https:\/\/regiotaler.at\/wp-content\/uploads\/2025\/10\/Logo-Pizza-Pazza-1.png\" alt=\"Logo Pizza Pazza\" \/><\/figure><\/div><div class=\"swiper-slide\" role=\"group\" aria-roledescription=\"slide\" aria-label=\"17 of 29\"><figure class=\"swiper-slide-inner\"><img decoding=\"async\" class=\"swiper-slide-image\" src=\"https:\/\/regiotaler.at\/wp-content\/uploads\/2025\/10\/Logo-Polsterei-Lang-Kopie.gif\" alt=\"Logo-Polsterei-Lang-Kopie\" \/><\/figure><\/div><div class=\"swiper-slide\" role=\"group\" aria-roledescription=\"slide\" aria-label=\"18 of 29\"><figure class=\"swiper-slide-inner\"><img decoding=\"async\" class=\"swiper-slide-image\" src=\"https:\/\/regiotaler.at\/wp-content\/uploads\/2025\/10\/Download.png\" alt=\"Download\" \/><\/figure><\/div><div class=\"swiper-slide\" role=\"group\" aria-roledescription=\"slide\" aria-label=\"19 of 29\"><figure class=\"swiper-slide-inner\"><img decoding=\"async\" class=\"swiper-slide-image\" src=\"https:\/\/regiotaler.at\/wp-content\/uploads\/2025\/10\/Logo.png\" alt=\"Logo\" \/><\/figure><\/div><div class=\"swiper-slide\" role=\"group\" aria-roledescription=\"slide\" aria-label=\"20 of 29\"><figure class=\"swiper-slide-inner\"><img decoding=\"async\" class=\"swiper-slide-image\" src=\"https:\/\/regiotaler.at\/wp-content\/uploads\/2025\/10\/Siebert_Logo_CMYK_UnterzeileSincecolor-Kopie-86h.webp\" alt=\"Siebert_Logo_CMYK_Unterzeile+Since+color+-+Kopie-86h\" \/><\/figure><\/div><div class=\"swiper-slide\" role=\"group\" aria-roledescription=\"slide\" aria-label=\"21 of 29\"><figure class=\"swiper-slide-inner\"><img decoding=\"async\" class=\"swiper-slide-image\" src=\"https:\/\/regiotaler.at\/wp-content\/uploads\/2025\/11\/Singer-Logo_v2020_cmyk-3000px-scaled.jpg\" alt=\"Singer-Logo_Edit\" \/><\/figure><\/div><div class=\"swiper-slide\" role=\"group\" aria-roledescription=\"slide\" aria-label=\"22 of 29\"><figure class=\"swiper-slide-inner\"><img decoding=\"async\" class=\"swiper-slide-image\" src=\"https:\/\/regiotaler.at\/wp-content\/uploads\/2025\/10\/logo_tischlereiholzknecht-360w.webp\" alt=\"logo_tischlerei+holzknecht-360w\" \/><\/figure><\/div><div class=\"swiper-slide\" role=\"group\" aria-roledescription=\"slide\" aria-label=\"23 of 29\"><figure class=\"swiper-slide-inner\"><img decoding=\"async\" class=\"swiper-slide-image\" src=\"https:\/\/regiotaler.at\/wp-content\/uploads\/2025\/11\/logo_black_bg.jpg\" alt=\"logo_black_bg\" \/><\/figure><\/div><div class=\"swiper-slide\" role=\"group\" aria-roledescription=\"slide\" aria-label=\"24 of 29\"><figure class=\"swiper-slide-inner\"><img decoding=\"async\" class=\"swiper-slide-image\" src=\"https:\/\/regiotaler.at\/wp-content\/uploads\/2025\/11\/292211291_524971696091781_6032927029684184633_n.jpg\" alt=\"292211291_524971696091781_6032927029684184633_n\" \/><\/figure><\/div><div class=\"swiper-slide\" role=\"group\" aria-roledescription=\"slide\" aria-label=\"25 of 29\"><figure class=\"swiper-slide-inner\"><img decoding=\"async\" class=\"swiper-slide-image\" src=\"https:\/\/regiotaler.at\/wp-content\/uploads\/2025\/12\/Logo_Lagerhaus_Axams_2020_4c-scaled.png\" alt=\"Logo_Lagerhaus_Axams_2020_4c\" \/><\/figure><\/div><div class=\"swiper-slide\" role=\"group\" aria-roledescription=\"slide\" aria-label=\"26 of 29\"><figure class=\"swiper-slide-inner\"><img decoding=\"async\" class=\"swiper-slide-image\" src=\"https:\/\/regiotaler.at\/wp-content\/uploads\/2025\/12\/Werbeinserat-ca.-1-MB.jpg\" alt=\"Werbeinserat ca. 1 MB\" \/><\/figure><\/div><div class=\"swiper-slide\" role=\"group\" aria-roledescription=\"slide\" aria-label=\"27 of 29\"><figure class=\"swiper-slide-inner\"><img decoding=\"async\" class=\"swiper-slide-image\" src=\"https:\/\/regiotaler.at\/wp-content\/uploads\/2025\/12\/2.jpg\" alt=\"2\" \/><\/figure><\/div><div class=\"swiper-slide\" role=\"group\" aria-roledescription=\"slide\" aria-label=\"28 of 29\"><figure class=\"swiper-slide-inner\"><img decoding=\"async\" class=\"swiper-slide-image\" src=\"https:\/\/regiotaler.at\/wp-content\/uploads\/2025\/12\/600x600.webp\" alt=\"600x600\" \/><\/figure><\/div><div class=\"swiper-slide\" role=\"group\" aria-roledescription=\"slide\" aria-label=\"29 of 29\"><figure class=\"swiper-slide-inner\"><img decoding=\"async\" class=\"swiper-slide-image\" src=\"https:\/\/regiotaler.at\/wp-content\/uploads\/2025\/12\/Logo.jpg\" alt=\"Logo\" \/><\/figure><\/div>\t\t\t<\/div>\n\t\t\t\t\t\t\t\t\t\t\t\t<div class=\"elementor-swiper-button elementor-swiper-button-prev\" role=\"button\" tabindex=\"0\">\n\t\t\t\t\t\t<svg aria-hidden=\"true\" class=\"e-font-icon-svg e-eicon-chevron-left\" viewBox=\"0 0 1000 1000\" xmlns=\"http:\/\/www.w3.org\/2000\/svg\"><path d=\"M646 125C629 125 613 133 604 142L308 442C296 454 292 471 292 487 292 504 296 521 308 533L604 854C617 867 629 875 646 875 663 875 679 871 692 858 704 846 713 829 713 812 713 796 708 779 692 767L438 487 692 225C700 217 708 204 708 187 708 171 704 154 692 142 675 129 663 125 646 125Z\"><\/path><\/svg>\t\t\t\t\t<\/div>\n\t\t\t\t\t<div class=\"elementor-swiper-button elementor-swiper-button-next\" role=\"button\" tabindex=\"0\">\n\t\t\t\t\t\t<svg aria-hidden=\"true\" class=\"e-font-icon-svg e-eicon-chevron-right\" viewBox=\"0 0 1000 1000\" xmlns=\"http:\/\/www.w3.org\/2000\/svg\"><path d=\"M696 533C708 521 713 504 713 487 713 471 708 454 696 446L400 146C388 133 375 125 354 125 338 125 325 129 313 142 300 154 292 171 292 187 292 204 296 221 308 233L563 492 304 771C292 783 288 800 288 817 288 833 296 850 308 863 321 871 338 875 354 875 371 875 388 867 400 854L696 533Z\"><\/path><\/svg>\t\t\t\t\t<\/div>\n\t\t\t\t\n\t\t\t\t\t\t\t\t\t<div class=\"swiper-pagination\"><\/div>\n\t\t\t\t\t\t\t\t\t<\/div>\n\t\t\t\t\t\t<\/div>\n\t\t\t\t<\/div>\n\t\t\t\t\t<\/div>\n\t\t\t\t<\/div>\n\t\t<div class=\"elementor-element elementor-element-4de7d79 e-flex e-con-boxed e-con e-parent\" data-id=\"4de7d79\" data-element_type=\"container\" data-settings=\"{&quot;background_background&quot;:&quot;classic&quot;}\">\n\t\t\t\t\t<div class=\"e-con-inner\">\n\t\t<div class=\"elementor-element elementor-element-7f1274d e-con-full e-flex e-con e-child\" data-id=\"7f1274d\" data-element_type=\"container\">\n\t\t\t\t<div class=\"elementor-element elementor-element-0be0e87 elementor-invisible elementor-widget elementor-widget-heading\" data-id=\"0be0e87\" data-element_type=\"widget\" data-settings=\"{&quot;_animation&quot;:&quot;fadeInUp&quot;}\" data-widget_type=\"heading.default\">\n\t\t\t\t\t<h5 class=\"elementor-heading-title elementor-size-default\">Genauer hingeschaut...<\/h5>\t\t\t\t<\/div>\n\t\t\t\t<div class=\"elementor-element elementor-element-d24e2b4 elementor-invisible elementor-widget elementor-widget-heading\" data-id=\"d24e2b4\" data-element_type=\"widget\" data-settings=\"{&quot;_animation&quot;:&quot;fadeInUp&quot;,&quot;_animation_delay&quot;:70}\" data-widget_type=\"heading.default\">\n\t\t\t\t\t<h2 class=\"elementor-heading-title elementor-size-default\">unsere Wirtschaft im Mittelgebirge.<\/h2>\t\t\t\t<\/div>\n\t\t\t\t<\/div>\n\t\t<div class=\"elementor-element elementor-element-f7fec25 e-con-full e-flex elementor-invisible e-con e-child\" data-id=\"f7fec25\" data-element_type=\"container\" data-settings=\"{&quot;background_background&quot;:&quot;classic&quot;,&quot;animation&quot;:&quot;zoomIn&quot;,&quot;animation_delay&quot;:150}\">\n\t\t\t\t<div class=\"elementor-element elementor-element-7eaafeb elementor-widget__width-initial elementor-widget elementor-widget-image\" data-id=\"7eaafeb\" data-element_type=\"widget\" data-widget_type=\"image.default\">\n\t\t\t\t\t\t\t\t\t\t\t\t\t\t\t<img decoding=\"async\" width=\"62\" height=\"62\" src=\"https:\/\/regiotaler.at\/wp-content\/uploads\/2025\/10\/icon-number.png\" class=\"attachment-full size-full wp-image-134\" alt=\"\" \/>\t\t\t\t\t\t\t\t\t\t\t\t\t\t\t<\/div>\n\t\t\t\t<div class=\"elementor-element elementor-element-ccd2588 elementor-widget elementor-widget-counter\" data-id=\"ccd2588\" data-element_type=\"widget\" data-widget_type=\"counter.default\">\n\t\t\t\t\t\t\t<div class=\"elementor-counter\">\n\t\t\t\t\t\t<div class=\"elementor-counter-number-wrapper\">\n\t\t\t\t<span class=\"elementor-counter-number-prefix\"><\/span>\n\t\t\t\t<span class=\"elementor-counter-number\" data-duration=\"2000\" data-to-value=\"109\" data-from-value=\"0\">0<\/span>\n\t\t\t\t<span class=\"elementor-counter-number-suffix\"><\/span>\n\t\t\t<\/div>\n\t\t<\/div>\n\t\t\t\t\t\t<\/div>\n\t\t\t\t<div class=\"elementor-element elementor-element-26a9dd2 elementor-widget elementor-widget-heading\" data-id=\"26a9dd2\" data-element_type=\"widget\" data-widget_type=\"heading.default\">\n\t\t\t\t\t<h5 class=\"elementor-heading-title elementor-size-default\">Betriebe sind Teil unseres Regiotaler Netzwerkes<\/h5>\t\t\t\t<\/div>\n\t\t\t\t<\/div>\n\t\t\t\t\t<\/div>\n\t\t\t\t<\/div>\n\t\t\t\t<\/div>\n\t\t","protected":false},"excerpt":{"rendered":"<p>Wie&#8217;s funktioniert So st\u00e4rkst du unsere Region So bleibt die Kaufkraft in unserer Region und unterst\u00fctzt gleichzeitig lokale Betriebe \u2013 einfach, sicher und regional. Der Regiotaler ist eine Gutschein-M\u00fcnze des Westlichen Mittelgebirges.Du kannst ihn bei der Raiffeisenbank Axams, Mutters, Natters und Kreith kaufen und anschlie\u00dfend in vielen regionalen Partnerbetrieben einl\u00f6sen.Jede M\u00fcnze hat einen fixen Wert [&hellip;]<\/p>\n","protected":false},"author":2,"featured_media":0,"parent":0,"menu_order":0,"comment_status":"closed","ping_status":"closed","template":"elementor_header_footer","meta":{"_acf_changed":false,"footnotes":""},"class_list":["post-395","page","type-page","status-publish","hentry"],"acf":[],"_links":{"self":[{"href":"https:\/\/regiotaler.at\/index.php\/wp-json\/wp\/v2\/pages\/395","targetHints":{"allow":["GET"]}}],"collection":[{"href":"https:\/\/regiotaler.at\/index.php\/wp-json\/wp\/v2\/pages"}],"about":[{"href":"https:\/\/regiotaler.at\/index.php\/wp-json\/wp\/v2\/types\/page"}],"author":[{"embeddable":true,"href":"https:\/\/regiotaler.at\/index.php\/wp-json\/wp\/v2\/users\/2"}],"replies":[{"embeddable":true,"href":"https:\/\/regiotaler.at\/index.php\/wp-json\/wp\/v2\/comments?post=395"}],"version-history":[{"count":70,"href":"https:\/\/regiotaler.at\/index.php\/wp-json\/wp\/v2\/pages\/395\/revisions"}],"predecessor-version":[{"id":1449,"href":"https:\/\/regiotaler.at\/index.php\/wp-json\/wp\/v2\/pages\/395\/revisions\/1449"}],"wp:attachment":[{"href":"https:\/\/regiotaler.at\/index.php\/wp-json\/wp\/v2\/media?parent=395"}],"curies":[{"name":"wp","href":"https:\/\/api.w.org\/{rel}","templated":true}]}}